of 2932?
3
What is the thousands digit of 1221?
1
What is the hundreds digit of 5070?
0
What is the hundreds digit of 977?
9
What is the tens digit of 2384?
8
What is the units digit of 881?
1
What is the units digit of 40939?
9
What is the hundreds digit of 35825?
8
What is the tens digit of 494?
9
What is the thousands digit of 20100?
0
What is the hundreds digit of 32264?
2
What is the ten thousands digit of 18187?
1
What is the hundreds digit of 429?
4
What is the thousands digit of 1059?
1
What is the thousands digit of 2420?
2
What is the thousands digit of 23021?
3
What is the thousands digit of 3973?
3
What is the units digit of 70918?
8
What is the thousands digit of 2270?
2
What is the tens digit of 1328?
2
What is the units digit of 30892?
2
What is the hundreds digit of 10842?
8
What is the thousands digit of 67308?
7
What is the hundreds digit of 3470?
4
What is the hundreds digit of 2137?
1
What is the ten thousands digit of 40165?
4
What is the hundreds digit of 44923?
9
What is the thousands digit of 1418?
1
What is the units digit of 2782?
2
What is the hundreds digit of 1204?
2
What is the ten thousands digit of 26339?
2
What is the tens digit of 38954?
5
What is the hundreds digit of 24809?
8
What is the units digit of 133?
3
What is the units digit of 798?
8
What is the thousands digit of 80297?
0
What is the tens digit of 553?
5
What is the thousands digit of 61159?
1
What is the hundreds digit of 121?
1
What is the tens digit of 5220?
2
What is the ten thousands digit of 15708?
1
What is the units digit of 573?
3
What is the thousands digit of 1604?
1
What is the units digit of 1632?
2
What is the hundred thousands digit of 127207?
1
What is the hundreds digit of 24177?
1
What is the tens digit of 11723?
2
What is the thousands digit of 83167?
3
What is the hundreds digit of 2325?
3
What is the units digit of 4975?
5
What is the units digit of 13080?
0
What is the units digit of 1007?
7
What is the hundreds digit of 12383?
3
What is the ten thousands digit of 16846?
1
What is the units digit of 2008?
8
What is the units digit of 6365?
5
What is the thousands digit of 4146?
4
What is the units digit of 542?
2
What is the tens digit of 3449?
4
What is the hundreds digit of 227?
2
What is the thousands digit of 34492?
4
What is the hundreds digit of 3848?
8
What is the thousands digit of 2003?
2
What is the units digit of 97055?
5
What is the thousands digit of 1436?
1
What is the hundreds digit of 957?
9
What is the units digit of 3013?
3
What is the units digit of 65090?
0
What is the ten thousands digit of 17954?
1
What is the thousands digit of 55309?
5
What is the ten thousands digit of 32838?
3
What is the tens digit of 1646?
4
What is the tens digit of 2278?
7
What is the hundreds digit of 53483?
4
What is the hundreds digit of 53841?
8
What is the thousands digit of 4404?
4
What is the thousands digit of 1720?
1
What is the hundreds digit of 2483?
4
What is the tens digit of 1578?
7
What is the thousands digit of 15612?
5
What is the hundreds digit of 868?
8
What is the hundreds digit of 10685?
6
What is the units digit of 2727?
7
What is the ten thousands digit of 46925?
4
What is the thousands digit of 4980?
4
What is the units digit of 1485?
5
What is the units digit of 2345?
5
What is the units digit of 1753?
3
What is the units digit of 1724?
4
What is the hundreds digit of 877?
8
What is the tens digit of 31384?
8
What is the hundreds digit of 4350?
3
What is the tens digit of 3481?
8
What is the tens digit of 318?
1
What is the hundreds digit of 3154?
1
What is the thousands digit of 84380?
4
What is the units digit of 5993?
3
What is the hundreds digit of 359?
3
What is the tens digit of 20506?
0
What is the hundreds digit of 11600?
6
What is the tens digit of 34598?
9
What is the units digit of 619?
9
What is the ten thousands digit of 27857?
2
What is the thousands digit of 2672?
2
What is the hundreds digit of 2401?
4
What is the tens digit of 2357?
5
What is the units digit of 556?
6
What is the thousands digit of 2153?
2
What is the units digit of 1834?
4
What is the tens digit of 281?
8
What is the units digit of 1206?
6
What is the hundreds digit of 9633?
6
What is the hundreds digit of 1803?
8
What is the units digit of 5214?
4
What is the thousands digit of 72244?
2
What is the hundreds digit of 21392?
3
What is the thousands digit of 6865?
6
What is the thousands digit of 1415?
1
What is the tens digit of 20764?
6
What is the units digit of 43350?
0
What is the units digit of 374?
4
What is the hundreds digit of 365?
3
What is the units digit of 442?
2
What is the units digit of 43765?
5
What is the units digit of 3467?
7
What is the tens digit of 205?
0
What is the hundreds digit of 30093?
0
What is the units digit of 4565?
5
What is the thousands digit of 29184?
9
What is the hundreds digit of 181716?
7
What is the tens digit of 6578?
7
What is the units digit of 2337?
7
What is the thousands digit of 1889?
1
What is the thousands digit of 3003?
3
What is the thousands digit of 2951?
2
What is the thousands digit of 133196?
3
What is the tens digit of 3584?
8
What is the tens digit of 1235?
3
What is the thousands digit of 81571?
1
What is the hundreds digit of 6689?
6
What is the ten thousands digit of 89295?
8
What is the hundreds digit of 12179?
1
What is the tens digit of 6659?
5
What is the hundreds digit of 8937?
9
What is the hundreds digit of 557?
5
What is the tens digit of 75?
7
What is the hundreds digit of 68662?
6
What is the tens digit of 42954?
5
What is the ten thousands digit of 54080?
5
What is the hundreds digit of 9153?
1
What is the hundreds digit of 765?
7
What is the tens digit of 2417?
1
What is the hundreds digit of 704?
7
What is the tens digit of 4495?
9
What is the tens digit of 45507?
0
What is the hundred thousands digit of 109982?
1
What is the thousands digit of 5556?
5
What is the thousands digit of 14784?
4
What is the hundreds digit of 620?
6
What is the hundreds digit of 5641?
6
What is the units digit of 42138?
8
What is the units digit of 85309?
9
What is the units digit of 1026?
6
What is the tens digit of 80719?
1
What is the ten thousands digit of 210160?
1
What is the thousands digit of 77008?
7
What is the units digit of 17055?
5
What is the hundreds digit of 477?
4
What is the hundreds digit of 3976?
9
What is the tens digit of 17534?
3
What is the tens digit of 23746?
4
What is the hundreds digit of 1196?
1
What is the units digit of 832?
2
What is the units digit of 886?
6
What is the hundreds digit of 2359?
3
What is the units digit of 758?
8
What is the thousands digit of 1648?
1
What is the ten thousands digit of 10928?
1
What is the thousands digit of 8671?
8
What is the tens digit of 494?
9
What is the units digit of 370?
0
What is the tens digit of 898?
9
What is the units digit of 7600?
0
What is the hundreds digit of 320?
3
What is the units digit of 8530?
0
What is the tens digit of 250?
5
What is the ten thousands digit of 33437?
3
What is the hundreds digit of 18591?
5
What is the units digit of 6674?
4
What is the thousands digit of 36666?
6
What is the tens digit of 50592?
9
What is the hundreds digit of 11823?
8
What is the hundreds digit of 75547?
5
What is the thousands digit of 28898?
8
What is the hundreds digit of 1031?
0
What is the tens digit of 1689?
8
What is the tens digit of 78081?
8
What is the thousands digit of 14127?
4
What is the hundreds digit of 2034?
0
What is the units digit of 3285?
5
What is the tens digit of 7395?
9
What is the units digit of 2938?
8
What is the units digit of 19344?
4
What is the hundreds digit of 83573?
5
What is the tens digit of 1298?
9
What is the tens digit of 85203?
0
What is the tens digit of 7259?
5
What is the units digit of 16343?
3
What is the hundreds digit of 3479?
4
What is the thousands digit of 10009?
0
What is the units digit of 2699?
9
What is the hundreds digit of 3391?
3
What is the tens digit of 215?
1
What is the thousands digit of 41511?
1
What is the hundreds digit of 71263?
2
What is the thousands digit of 5408?
5
What is the ten thousands digit of 86796?
8
What is the thousands digit of 5578?
5
What is the thousands digit of 23391?
3
What is the tens digit of 1805?
0
